{"id":5952,"date":"2026-05-04T20:44:27","date_gmt":"2026-05-04T12:44:27","guid":{"rendered":"http:\/\/olukai-usa.com\/?post_type=product&#038;p=5952"},"modified":"2026-05-04T20:46:47","modified_gmt":"2026-05-04T12:46:47","slug":"pehuea-li-tapa","status":"publish","type":"product","link":"https:\/\/olukai-usa.com\/index.php\/product\/pehuea-li-tapa\/","title":{"rendered":"Pehuea L\u012b &#8211; Tapa"},"content":{"rendered":"<p><span data-sheets-root=\"1\" data-sheets-value='{\"1\":2,\"2\":\"Whether exploring the dry caves and beaches along Kaua\u2018i\u2019s north shore or catching a Maui sunrise from the summit of Haleakal\u0101, the Pehuea L\u012b is your perfect companion. Lightweight and breathable with an airy, all-mesh upper, the energetic Pehuea L\u012b is always ready for adventure, no matter where you\u2019re headed.\n\nLightweight &amp; Breathable: Airy all-mesh upper ensures maximum breathability and comfort.\nVersatile Slip-On Design: Features our signature Drop-In Heel\u00ae for effortless style as a slip-on or a slide.\nComfortable Fit: Engineered for all-day wear, providing the support and comfort you need.\"}' data-sheets-userformat='{\"2\":769,\"3\":{\"1\":0},\"11\":4,\"12\":0}'>Whether exploring the dry caves and beaches along Kaua\u2018i\u2019s north shore or catching a Maui sunrise from the summit of Haleakal\u0101, the Pehuea L\u012b is your perfect companion. Lightweight and breathable with an airy, all-mesh upper, the energetic Pehuea L\u012b is always ready for adventure, no matter where you\u2019re headed.<\/span><\/p>\n<p><strong><span data-sheets-root=\"1\" data-sheets-value='{\"1\":2,\"2\":\"Whether exploring the dry caves and beaches along Kaua\u2018i\u2019s north shore or catching a Maui sunrise from the summit of Haleakal\u0101, the Pehuea L\u012b is your perfect companion. Lightweight and breathable with an airy, all-mesh upper, the energetic Pehuea L\u012b is always ready for adventure, no matter where you\u2019re headed.\n\nLightweight &amp; Breathable: Airy all-mesh upper ensures maximum breathability and comfort.\nVersatile Slip-On Design: Features our signature Drop-In Heel\u00ae for effortless style as a slip-on or a slide.\nComfortable Fit: Engineered for all-day wear, providing the support and comfort you need.\"}' data-sheets-userformat='{\"2\":769,\"3\":{\"1\":0},\"11\":4,\"12\":0}'>Key Features <\/span><\/strong><\/p>\n<p><span data-sheets-root=\"1\" data-sheets-value='{\"1\":2,\"2\":\"Whether exploring the dry caves and beaches along Kaua\u2018i\u2019s north shore or catching a Maui sunrise from the summit of Haleakal\u0101, the Pehuea L\u012b is your perfect companion. Lightweight and breathable with an airy, all-mesh upper, the energetic Pehuea L\u012b is always ready for adventure, no matter where you\u2019re headed.\n\nLightweight &amp; Breathable: Airy all-mesh upper ensures maximum breathability and comfort.\nVersatile Slip-On Design: Features our signature Drop-In Heel\u00ae for effortless style as a slip-on or a slide.\nComfortable Fit: Engineered for all-day wear, providing the support and comfort you need.\"}' data-sheets-userformat='{\"2\":769,\"3\":{\"1\":0},\"11\":4,\"12\":0}'><strong>Lightweight &amp; Breathable:<\/strong> Airy all-mesh upper ensures maximum breathability and comfort.<\/span><\/p>\n<p><span data-sheets-root=\"1\" data-sheets-value='{\"1\":2,\"2\":\"Whether exploring the dry caves and beaches along Kaua\u2018i\u2019s north shore or catching a Maui sunrise from the summit of Haleakal\u0101, the Pehuea L\u012b is your perfect companion. Lightweight and breathable with an airy, all-mesh upper, the energetic Pehuea L\u012b is always ready for adventure, no matter where you\u2019re headed.\n\nLightweight &amp; Breathable: Airy all-mesh upper ensures maximum breathability and comfort.\nVersatile Slip-On Design: Features our signature Drop-In Heel\u00ae for effortless style as a slip-on or a slide.\nComfortable Fit: Engineered for all-day wear, providing the support and comfort you need.\"}' data-sheets-userformat='{\"2\":769,\"3\":{\"1\":0},\"11\":4,\"12\":0}'><strong>Versatile Slip-On Design: <\/strong>Features our signature Drop-In Heel\u00ae for effortless style as a slip-on or a slide.<\/span><\/p>\n<p><span data-sheets-root=\"1\" data-sheets-value='{\"1\":2,\"2\":\"Whether exploring the dry caves and beaches along Kaua\u2018i\u2019s north shore or catching a Maui sunrise from the summit of Haleakal\u0101, the Pehuea L\u012b is your perfect companion. Lightweight and breathable with an airy, all-mesh upper, the energetic Pehuea L\u012b is always ready for adventure, no matter where you\u2019re headed.\n\nLightweight &amp; Breathable: Airy all-mesh upper ensures maximum breathability and comfort.\nVersatile Slip-On Design: Features our signature Drop-In Heel\u00ae for effortless style as a slip-on or a slide.\nComfortable Fit: Engineered for all-day wear, providing the support and comfort you need.\"}' data-sheets-userformat='{\"2\":769,\"3\":{\"1\":0},\"11\":4,\"12\":0}'><strong>Comfortable Fit: <\/strong>Engineered for all-day wear, providing the support and comfort you need.<\/span><\/p>\n","protected":false},"excerpt":{"rendered":"<p>Whether exploring the dry caves and beaches along Kaua\u2018 [&#8230;]\n","protected":false},"featured_media":5981,"comment_status":"closed","ping_status":"closed","template":"","meta":[],"product_brand":[],"product_cat":[15],"product_tag":[60,16,17,62,18,19,109,110,22,1286,582,1147,584,1281,24,27,561,28,29,94,95,562,589,33,34,37,39,40,44,45,217,682,563,685,851,857,1142,143,114,1143,49,50,200,51,1144,566,120,55,567,568,569,103,106,104,1145],"class_list":{"0":"post-5952","1":"product","2":"type-product","3":"status-publish","4":"has-post-thumbnail","6":"product_cat-uncategorized","7":"product_tag-accordion-test","8":"product_tag-archstandard","9":"product_tag-beach-boat","10":"product_tag-bestbeach_boat","11":"product_tag-besteverday_wear","12":"product_tag-besttravel","13":"product_tag-bestselling","14":"product_tag-breathable","15":"product_tag-catshoes","16":"product_tag-collectionback-to-school","17":"product_tag-collectionhgg-slider-w","18":"product_tag-collectiontide-tracker","19":"product_tag-colortan","20":"product_tag-colortapa","21":"product_tag-drop-in-heel","22":"product_tag-everyday-wear","23":"product_tag-exp_rec_women","24":"product_tag-fitnarrow","25":"product_tag-fitstandard","26":"product_tag-genderwomen","27":"product_tag-ho25-buy-with-prime","28":"product_tag-homebody","29":"product_tag-interestdriving","30":"product_tag-labor-day","31":"product_tag-landtextile","32":"product_tag-likesfriends","33":"product_tag-likesrelaxing","34":"product_tag-likesurban-exploring","35":"product_tag-materialtextile","36":"product_tag-mesh","37":"product_tag-mothers-day","38":"product_tag-peheaua","39":"product_tag-pehuea","40":"product_tag-pehuea-collection","41":"product_tag-pehuea-li","42":"product_tag-pehuea-lii","43":"product_tag-prahulra-li","44":"product_tag-prime","45":"product_tag-removable-footbed","46":"product_tag-rgroup_20379","47":"product_tag-sizetrue","48":"product_tag-sneakers","49":"product_tag-sp19-style","50":"product_tag-split_color","51":"product_tag-style20379","52":"product_tag-tempstandard","53":"product_tag-textile","54":"product_tag-travel","55":"product_tag-trendsetter","56":"product_tag-vacationcity-downtown","57":"product_tag-vacationroad-trip","58":"product_tag-women","59":"product_tag-womens-2","60":"product_tag-womens","61":"product_tag-ygroup_20379","63":"first","64":"instock","65":"shipping-taxable","66":"purchasable","67":"product-type-variable"},"_links":{"self":[{"href":"https:\/\/olukai-usa.com\/index.php\/wp-json\/wp\/v2\/product\/5952","targetHints":{"allow":["GET"]}}],"collection":[{"href":"https:\/\/olukai-usa.com\/index.php\/wp-json\/wp\/v2\/product"}],"about":[{"href":"https:\/\/olukai-usa.com\/index.php\/wp-json\/wp\/v2\/types\/product"}],"replies":[{"embeddable":true,"href":"https:\/\/olukai-usa.com\/index.php\/wp-json\/wp\/v2\/comments?post=5952"}],"wp:featuredmedia":[{"embeddable":true,"href":"https:\/\/olukai-usa.com\/index.php\/wp-json\/wp\/v2\/media\/5981"}],"wp:attachment":[{"href":"https:\/\/olukai-usa.com\/index.php\/wp-json\/wp\/v2\/media?parent=5952"}],"wp:term":[{"taxonomy":"product_brand","embeddable":true,"href":"https:\/\/olukai-usa.com\/index.php\/wp-json\/wp\/v2\/product_brand?post=5952"},{"taxonomy":"product_cat","embeddable":true,"href":"https:\/\/olukai-usa.com\/index.php\/wp-json\/wp\/v2\/product_cat?post=5952"},{"taxonomy":"product_tag","embeddable":true,"href":"https:\/\/olukai-usa.com\/index.php\/wp-json\/wp\/v2\/product_tag?post=5952"}],"curies":[{"name":"wp","href":"https:\/\/api.w.org\/{rel}","templated":true}]}}